{"id":12,"date":"2019-03-13T09:52:29","date_gmt":"2019-03-13T09:52:29","guid":{"rendered":"http:\/\/aphh\/?page_id=12"},"modified":"2024-05-18T16:34:11","modified_gmt":"2024-05-18T16:34:11","slug":"mais-sobre-a-aphh","status":"publish","type":"page","link":"https:\/\/aphh.pt\/?page_id=12","title":{"rendered":"Mais Sobre a APHH"},"content":{"rendered":"<div class=\"wp-block-image\">\n<figure class=\"aligncenter\"><img loading=\"lazy\" decoding=\"async\" width=\"789\" height=\"150\" src=\"http:\/\/aphh.lamplop.com\/wp-content\/uploads\/2019\/10\/quem-somos.jpg\" alt=\"\" class=\"wp-image-1842\" srcset=\"https:\/\/aphh.pt\/wp-content\/uploads\/2019\/10\/quem-somos.jpg 789w, https:\/\/aphh.pt\/wp-content\/uploads\/2019\/10\/quem-somos-300x57.jpg 300w, https:\/\/aphh.pt\/wp-content\/uploads\/2019\/10\/quem-somos-768x146.jpg 768w\" sizes=\"auto, (max-width: 789px) 100vw, 789px\" \/><\/figure>\n<\/div>\n\n\n<p>A Associa\u00e7\u00e3o Portuguesa da Hotelaria Hospitalar (APHH) \u00e9 a pessoa jur\u00eddica de direito privado, sem fins lucrativos, que representa, no territ\u00f3rio nacional, e no \u00e2mbito das suas atribui\u00e7\u00f5es, os profissionais nela filiados que desempenhem fun\u00e7\u00f5es de responsabilidade na \u00e1rea hoteleira e servi\u00e7os gerais em estabelecimentos de sa\u00fade p\u00fablicos ou privados. Entende-se por \u00e1rea hoteleira as cinco \u00e1reas principais seguintes: Alimenta\u00e7\u00e3o, Limpeza, Res\u00edduos, Seguran\u00e7a e Rouparia. Relativamente \u00e0 \u00e1rea de servi\u00e7os gerais, dada a sua amplitude de tarefas diversificadas e diferentes, de acordo com cada estabelecimento de sa\u00fade, todas as quest\u00f5es respeitantes ser\u00e3o devidamente analisadas para n\u00e3o dispersar o \u00e2mbito da APHH.<\/p>\n\n\n\n<ul class=\"wp-block-list\">\n<li><a href=\"http:\/\/aphh\/wp-content\/uploads\/2019\/04\/Regulamento-pt.pdf\">Regulamento Interno \u2013 Vers\u00e3o Portuguesa<\/a><\/li>\n\n\n\n<li><a href=\"http:\/\/aphh\/wp-content\/uploads\/2019\/04\/Regulamento-en.pdf\">Regulamento Interno \u2013 English Version<\/a><\/li>\n<\/ul>\n\n\n\n<p><\/p>\n\n\n\n<p><img loading=\"lazy\" decoding=\"async\" width=\"789\" height=\"150\" class=\"wp-image-1845\" style=\"width: px;\" src=\"http:\/\/aphh.lamplop.com\/wp-content\/uploads\/2019\/10\/o-que-fazemos.jpg\" alt=\"\" srcset=\"https:\/\/aphh.pt\/wp-content\/uploads\/2019\/10\/o-que-fazemos.jpg 789w, https:\/\/aphh.pt\/wp-content\/uploads\/2019\/10\/o-que-fazemos-300x57.jpg 300w, https:\/\/aphh.pt\/wp-content\/uploads\/2019\/10\/o-que-fazemos-768x146.jpg 768w\" sizes=\"auto, (max-width: 789px) 100vw, 789px\" \/><\/p>\n\n\n\n<ul class=\"wp-block-list\">\n<li>Cria\u00e7\u00e3o de Grupos de Trabalho para o estudo de temas relevantes nas diferentes \u00e1reas da Hotelaria Hospitalar;<\/li>\n\n\n\n<li>Publica\u00e7\u00e3o e divulga\u00e7\u00e3o, aos membros da APHH, dos trabalhos desenvolvidos;<\/li>\n\n\n\n<li>Organiza\u00e7\u00e3o de Semin\u00e1rios, e Congressos Nacionais e\/ou Internacionais de Hotelaria Hospitalar;<\/li>\n\n\n\n<li>Colabora\u00e7\u00e3o\u00a0com institui\u00e7\u00f5es e organismos oficiais ou privados para a realiza\u00e7\u00e3o dos seus programas e projectos;<\/li>\n\n\n\n<li>Inscri\u00e7\u00e3o em organismos internacionais que prossigam objectivos cient\u00edficos afins, tais como associa\u00e7\u00f5es estrangeiras cong\u00e9neres;<\/li>\n\n\n\n<li>Cria\u00e7\u00e3o de\u00a0\u2019Parcerias\u2019 com o objectivo de aproveitar as sinergias resultantes dessas liga\u00e7\u00f5es com os seus parceiros.<\/li>\n<\/ul>\n\n\n\n<p><\/p>\n\n\n\n<figure class=\"wp-block-image size-large\"><img loading=\"lazy\" decoding=\"async\" width=\"789\" height=\"150\" src=\"https:\/\/aphh.pt\/wp-content\/uploads\/2020\/03\/orgaos2.jpg\" alt=\"\" class=\"wp-image-2318\" srcset=\"https:\/\/aphh.pt\/wp-content\/uploads\/2020\/03\/orgaos2.jpg 789w, https:\/\/aphh.pt\/wp-content\/uploads\/2020\/03\/orgaos2-300x57.jpg 300w, https:\/\/aphh.pt\/wp-content\/uploads\/2020\/03\/orgaos2-768x146.jpg 768w\" sizes=\"auto, (max-width: 789px) 100vw, 789px\" \/><\/figure>\n\n\n\n<p>S\u00e3o \u00f3rg\u00e3os da APHH a Assembleia-Geral, a Direc\u00e7\u00e3o e o Conselho Fiscal.<\/p>\n\n\n\n<p><strong>\u00c9 da compet\u00eancia da Assembleia-Geral:<br><\/strong>a) Eleger bianualmente o Presidente e a Mesa da Assembleia-Geral, a Direc\u00e7\u00e3o e o Conselho Fiscal, de entre os s\u00f3cios efectivos;<br>b) Admitir os \u201cs\u00f3cios honor\u00e1rios\u201d mediante proposta da Direc\u00e7\u00e3o;<br>c) Apreciar e votar o relat\u00f3rio da gest\u00e3o e as contas apresentadas pela Direc\u00e7\u00e3o cessante;<br>d) Alterar os Estatutos;<br>e) Decidir sobre a exclus\u00e3o de s\u00f3cios;<br>f) Alterar, votar e aprovar o Regulamento Interno da APHH, sob proposta da Direc\u00e7\u00e3o;<br>g) Discutir e votar, anualmente, at\u00e9 31 de Mar\u00e7o, o relat\u00f3rio da Direc\u00e7\u00e3o, as contas de ger\u00eancia e o parecer do Conselho Fiscal;<br>h) Aprovar e votar, anualmente, at\u00e9 31 de Dezembro, o or\u00e7amento anual e o plano de actividades da APHH;<br>i) Extinguir a APHH.<\/p>\n\n\n\n<ul class=\"wp-block-list\">\n<li>Presidente da Mesa: Ana Lu\u00edsa\u00a0Maur\u00edcio Frutuoso<\/li>\n\n\n\n<li>Vice-Presidente: Maria Jo\u00e3o Melo<\/li>\n\n\n\n<li>Secret\u00e1rio: Jos\u00e9 Carlos Lopes dos Santos<\/li>\n\n\n\n<li>Suplente da Mesa da AG: Carla Manuela Fonseca Mendes<\/li>\n<\/ul>\n\n\n\n<p><\/p>\n\n\n\n<p><strong>\u00c9 da compet\u00eancia da Direc\u00e7\u00e3o:<br><\/strong>a) Decidir sobre os meios necess\u00e1rios \u00e0 prossecu\u00e7\u00e3o dos objectivos da APHH e fixar as suas realiza\u00e7\u00f5es;<br>b) Propor \u00e0 Assembleia-Geral a admiss\u00e3o de \u201cs\u00f3cios honor\u00e1rios\u201d;<br>c) Decidir sobre a admiss\u00e3o de \u201cs\u00f3cios efectivos\u201d e de \u201cs\u00f3cios colaboradores\u201d;<br>d) Propor \u00e0 Assembleia o valor da quotiza\u00e7\u00e3o;<br>e) Solicitar a convoca\u00e7\u00e3o da Assembleia-Geral e apresentar-lhe o relat\u00f3rio de gest\u00e3o e as contas antes da elei\u00e7\u00e3o de uma nova Direc\u00e7\u00e3o;<br>f) Propor e declarar a exclus\u00e3o de s\u00f3cios nos termos do art.\u00ba 9\u00ba, n\u00ba.2\u00ba e do art.\u00ba 17\u00ba, al\u00ednea e);<br>g) Elaborar o Regulamento Interno a ser aprovado em Assembleia-Geral;<br>h) Qualquer outra actividade que n\u00e3o seja da exclusiva compet\u00eancia da Assembleia-Geral;<br>i) Apresentar o Relat\u00f3rio de Contas do ano anterior ao Conselho Fiscal com 10 dias de anteced\u00eancia \u00e0 realiza\u00e7\u00e3o da Assembleia Geral.<\/p>\n\n\n\n<ul class=\"wp-block-list\">\n<li>Presidente: Pedro Miguel da Silva Pacheco<\/li>\n\n\n\n<li>Vice Presidente: Maria Jo\u00e3o Dezoito Guerreiro Lino da Silva<\/li>\n\n\n\n<li>Secret\u00e1ria Geral: Maria Alexandra da Cunha Ramos Santos<\/li>\n\n\n\n<li>Suplente da Dire\u00e7\u00e3o: Sandra Lu\u00edsa Pita de Olim<\/li>\n<\/ul>\n\n\n\n<p><\/p>\n\n\n\n<p><strong>\u00c9 da compet\u00eancia do\u00a0Conselho Fiscal:<br><\/strong>a) Zelar pelo cumprimento das disposi\u00e7\u00f5es legais, estatut\u00e1rias e regulamentares da APHH;<br>b) Examinar a escrita da APHH e dar parecer anual sobre o Relat\u00f3rio e Contas;<br>c) Julgar recursos que lhe sejam interpostos, das decis\u00f5es tomadas pelos \u00f3rg\u00e3os sociais da APHH e promover os inqu\u00e9ritos que julgue necess\u00e1rios;<br>d) Fiscalizar os actos administrativos e financeiros da Direc\u00e7\u00e3o e dar parecer sobre os actos que impliquem aumento das despesas ou diminui\u00e7\u00e3o de receitas.<\/p>\n\n\n\n<ul class=\"wp-block-list\">\n<li>Presidente: Alexandre Manuel de Oliveira Duarte<\/li>\n\n\n\n<li>Vogal: Filomena Maria Antunes Fernandes<\/li>\n\n\n\n<li>Vogal: Bruno Kohaupt<\/li>\n<\/ul>\n\n\n\n<p><\/p>\n\n\n\n<h2 class=\"wp-block-heading\">Hist\u00f3ria<\/h2>\n\n\n\n<p>Visita \u00e0 Alimentaria &amp; Horexpo | Outubro de 2010<\/p>\n\n\n\n<p><a href=\"http:\/\/aphh\/wp-content\/uploads\/2019\/04\/Buenos_dias.pdf\">&gt;&gt; Veja o discurso de agradecimento, por Maria Jo\u00e3o Lino da Silva, Presidente da APHH<\/a><\/p>\n\n\n\n<p>Encontro com a&nbsp; associa\u00e7\u00e3o cong\u00e9nere espanhola AEHH, em Portugal | Junho de 2010<\/p>\n\n\n\n<p><a href=\"http:\/\/aphh\/wp-content\/uploads\/2019\/04\/boas_vindas.pdf\">&gt;&gt; Veja o discurso de boas vindas, por Maria Jo\u00e3o Lino da Silva, Presidente da APHH<\/a><\/p>\n","protected":false},"excerpt":{"rendered":"<p>A Associa\u00e7\u00e3o Portuguesa da Hotelaria Hospitalar (APHH) \u00e9 a pessoa jur\u00eddica de direito privado, sem fins lucrativos, que representa, no territ\u00f3rio nacional, e no \u00e2mbito das suas atribui\u00e7\u00f5es, os profissionais nela filiados que desempenhem fun\u00e7\u00f5es de responsabilidade na \u00e1rea hoteleira e servi\u00e7os gerais em estabelecimentos de sa\u00fade p\u00fablicos ou privados. Entende-se por \u00e1rea hoteleira as [&hellip;]<\/p>\n","protected":false},"author":1,"featured_media":1842,"parent":0,"menu_order":0,"comment_status":"closed","ping_status":"closed","template":"","meta":{"content-type":"","footnotes":""},"class_list":["post-12","page","type-page","status-publish","has-post-thumbnail","hentry"],"_links":{"self":[{"href":"https:\/\/aphh.pt\/index.php?rest_route=\/wp\/v2\/pages\/12","targetHints":{"allow":["GET"]}}],"collection":[{"href":"https:\/\/aphh.pt\/index.php?rest_route=\/wp\/v2\/pages"}],"about":[{"href":"https:\/\/aphh.pt\/index.php?rest_route=\/wp\/v2\/types\/page"}],"author":[{"embeddable":true,"href":"https:\/\/aphh.pt\/index.php?rest_route=\/wp\/v2\/users\/1"}],"replies":[{"embeddable":true,"href":"https:\/\/aphh.pt\/index.php?rest_route=%2Fwp%2Fv2%2Fcomments&post=12"}],"version-history":[{"count":13,"href":"https:\/\/aphh.pt\/index.php?rest_route=\/wp\/v2\/pages\/12\/revisions"}],"predecessor-version":[{"id":3232,"href":"https:\/\/aphh.pt\/index.php?rest_route=\/wp\/v2\/pages\/12\/revisions\/3232"}],"wp:featuredmedia":[{"embeddable":true,"href":"https:\/\/aphh.pt\/index.php?rest_route=\/wp\/v2\/media\/1842"}],"wp:attachment":[{"href":"https:\/\/aphh.pt\/index.php?rest_route=%2Fwp%2Fv2%2Fmedia&parent=12"}],"curies":[{"name":"wp","href":"https:\/\/api.w.org\/{rel}","templated":true}]}}